when 2448 is divided by 29?
12
What is the remainder when 122299 is divided by 40760?
19
Calculate the remainder when 2782 is divided by 66.
10
Calculate the remainder when 7898 is divided by 461.
61
Calculate the remainder when 25283 is divided by 84.
83
Calculate the remainder when 359 is divided by 41.
31
What is the remainder when 1313218 is divided by 86?
84
What is the remainder when 363395 is divided by 43?
2
What is the remainder when 274971 is divided by 112?
11
Calculate the remainder when 469330 is divided by 36.
34
What is the remainder when 9260 is divided by 22?
20
Calculate the remainder when 21996 is divided by 10993.
10
Calculate the remainder when 14789 is divided by 29.
28
What is the remainder when 64375 is divided by 7?
3
What is the remainder when 205589 is divided by 35?
34
What is the remainder when 11473 is divided by 161?
42
What is the remainder when 62849 is divided by 31424?
1
Calculate the remainder when 23087 is divided by 2517.
434
What is the remainder when 7989 is divided by 15?
9
What is the remainder when 2946 is divided by 159?
84
What is the remainder when 108720 is divided by 45?
0
Calculate the remainder when 224154 is divided by 74718.
0
Calculate the remainder when 71383 is divided by 63.
4
Calculate the remainder when 7577 is divided by 303.
2
What is the remainder when 44368 is divided by 302?
276
Calculate the remainder when 3401 is divided by 129.
47
What is the remainder when 9756 is divided by 443?
10
What is the remainder when 72684 is divided by 176?
172
What is the remainder when 62096 is divided by 509?
507
Calculate the remainder when 7427 is divided by 94.
1
Calculate the remainder when 98281 is divided by 32746.
43
What is the remainder when 8270 is divided by 331?
326
Calculate the remainder when 734574 is divided by 231.
225
What is the remainder when 11962 is divided by 203?
188
What is the remainder when 53623 is divided by 8?
7
Calculate the remainder when 20150 is divided by 32.
22
Calculate the remainder when 363698 is divided by 367.
1
What is the remainder when 9382 is divided by 63?
58
Calculate the remainder when 293994 is divided by 151.
148
Calculate the remainder when 20861 is divided by 802.
9
What is the remainder when 2232 is divided by 398?
242
What is the remainder when 11654 is divided by 598?
292
Calculate the remainder when 1553498 is divided by 15.
8
Calculate the remainder when 4671 is divided by 307.
66
What is the remainder when 2742 is divided by 844?
210
What is the remainder when 257573 is divided by 25757?
3
What is the remainder when 107812 is divided by 60?
52
What is the remainder when 205137 is divided by 1221?
9
Calculate the remainder when 784999 is divided by 33.
28
What is the remainder when 76164 is divided by 15?
9
What is the remainder when 3133 is divided by 34?
5
What is the remainder when 333959 is divided by 24?
23
Calculate the remainder when 13743 is divided by 67.
8
What is the remainder when 77019 is divided by 76886?
133
What is the remainder when 5592 is divided by 1856?
24
Calculate the remainder when 12212 is divided by 377.
148
What is the remainder when 107873 is divided by 181?
178
Calculate the remainder when 2878 is divided by 936.
70
Calculate the remainder when 3114 is divided by 1030.
24
What is the remainder when 9110 is divided by 1822?
0
Calculate the remainder when 483 is divided by 29.
19
Calculate the remainder when 20397 is divided by 425.
422
Calculate the remainder when 6435 is divided by 801.
27
What is the remainder when 24572 is divided by 24?
20
What is the remainder when 3570 is divided by 8?
2
Calculate the remainder when 12405 is divided by 890.
835
Calculate the remainder when 15595 is divided by 153.
142
Calculate the remainder when 105075 is divided by 93.
78
What is the remainder when 3831 is divided by 1269?
24
Calculate the remainder when 34724 is divided by 135.
29
What is the remainder when 853371 is divided by 123?
120
Calculate the remainder when 108267 is divided by 27.
24
Calculate the remainder when 85222 is divided by 1469.
20
What is the remainder when 161029 is divided by 13?
11
Calculate the remainder when 11045 is divided by 2761.
1
What is the remainder when 10414 is divided by 89?
1
What is the remainder when 14781 is divided by 2952?
21
Calculate the remainder when 64518 is divided by 419.
411
What is the remainder when 49044 is divided by 6130?
4
What is the remainder when 1453653 is divided by 1788?
9
Calculate the remainder when 21230 is divided by 21227.
3
What is the remainder when 3491 is divided by 43?
8
Calculate the remainder when 12037 is divided by 3830.
547
Calculate the remainder when 9185 is divided by 1837.
0
Calculate the remainder when 1429 is divided by 110.
109
Calculate the remainder when 4321 is divided by 163.
83
Calculate the remainder when 883 is divided by 870.
13
What is the remainder when 59688 is divided by 11923?
73
Calculate the remainder when 106293 is divided by 156.
57
Calculate the remainder when 2032 is divided by 336.
16
What is the remainder when 107500 is divided by 41?
39
What is the remainder when 53731 is divided by 101?
100
What is the remainder when 18711 is divided by 3113?
33
What is the remainder when 21310 is divided by 68?
26
Calculate the remainder when 2365 is divided by 672.
349
What is the remainder when 33592 is divided by 11131?
199
What is the remainder when 124605 is divided by 25?
5
Calculate the remainder when 134 is divided by 35.
29
Calculate the remainder when 150735 is divided by 50.
35
What is the remainder when 2163 is divided by 463?
311
Calculate the remainder when 741 is divided by 223.
72
Calculate the remainder when 77183 is divided by 1377.
71
What is the remainder when 57774 is divided by 664?
6
Calculate the remainder when 4317 is divided by 108.
105
What is the remainder when 56297 is divided by 6?
5
What is the remainder when 6459 is divided by 26?
11
What is the remainder when 2470 is divided by 170?
90
Calculate the remainder when 22803 is divided by 3800.
3
Calculate the remainder when 4981 is divided by 51.
34
What is the remainder when 2589 is divided by 216?
213
Calculate the remainder when 408 is divided by 152.
104
Calculate the remainder when 36020 is divided by 375.
20
Calculate the remainder when 1915 is divided by 1870.
45
What is the remainder when 6009 is divided by 497?
45
Calculate the remainder when 7003 is divided by 3466.
71
What is the remainder when 214084 is divided by 56?
52
Calculate the remainder when 7537 is divided by 1807.
309
Calculate the remainder when 2749 is divided by 252.
229
Calculate the remainder when 950 is divided by 111.
62
What is the remainder when 86561 is divided by 56?
41
Calculate the remainder when 445 is divided by 380.
65
Calculate the remainder when 1209 is divided by 121.
120
What is the remainder when 156282 is divided by 13?
9
Calculate the remainder when 12756 is divided by 3884.
1104
What is the remainder when 395214 is divided by 51?
15
What is the remainder when 385985 is divided by 50?
35
What is the remainder when 9382 is divided by 204?
202
What is the remainder when 9553 is divided by 531?
526
Calculate the remainder when 11438 is divided by 102.
14
Calculate the remainder when 206300 is divided by 31.
26
What is the remainder when 33497 is divided by 459?
449
Calculate the remainder when 2128 is divided by 541.
505
What is the remainder when 163829 is divided by 54609?
2
What is the remainder when 1139299 is divided by 41?
32
Calculate the remainder when 3955 is divided by 72.
67
Calculate the remainder when 2038 is divided by 292.
286
What is the remainder when 825268 is divided by 91696?
4
Calculate the remainder when 2651 is divided by 180.
131
Calculate the remainder when 1284 is divided by 231.
129
What is the remainder when 450234 is divided by 168?
162
What is the remainder when 239110 is divided by 18391?
27
Calculate the remainder when 2295 is divided by 8.
7
Calculate the remainder when 2764 is divided by 346.
342
What is the remainder when 5912 is divided by 656?
8
What is the remainder when 48465 is divided by 122?
31
What is the remainder when 15012 is divided by 113?
96
Calculate the remainder when 39037 is divided by 1945.
137
Calculate th